{"id":1030,"date":"2023-11-21T06:46:47","date_gmt":"2023-11-21T06:46:47","guid":{"rendered":"https:\/\/ubr.cat\/2\/?page_id=1030"},"modified":"2023-11-21T06:46:59","modified_gmt":"2023-11-21T06:46:59","slug":"history","status":"publish","type":"page","link":"https:\/\/ubr.cat\/2\/history\/","title":{"rendered":"History"},"content":{"rendered":"<p>[et_pb_section fb_built=&#8221;1&#8243; fullwidth=&#8221;on&#8221; _builder_version=&#8221;4.19.1&#8243; _module_preset=&#8221;default&#8221; bottom_divider_style=&#8221;curve2&#8243; bottom_divider_color=&#8221;#ffffff&#8221; bottom_divider_height=&#8221;232px&#8221; bottom_divider_repeat=&#8221;1x&#8221; global_colors_info=&#8221;{}&#8221; collapsed=&#8221;on&#8221; locked=&#8221;off&#8221; theme_builder_area=&#8221;post_content&#8221;][et_pb_fullwidth_header title=&#8221;qui som&#8221; text_orientation=&#8221;center&#8221; header_fullscreen=&#8221;on&#8221; header_scroll_down=&#8221;on&#8221; scroll_down_icon=&#8221;%%8%%&#8221; scroll_down_icon_color=&#8221;#f19904&#8243; scroll_down_icon_size=&#8221;33px&#8221; _builder_version=&#8221;4.19.1&#8243; _module_preset=&#8221;default&#8221; title_font=&#8221;Roboto|700||on|||||&#8221; title_text_align=&#8221;center&#8221; title_font_size=&#8221;53px&#8221; content_font=&#8221;Roboto|500|||||||&#8221; content_text_align=&#8221;center&#8221; content_font_size=&#8221;14px&#8221; background_image=&#8221;https:\/\/ubr.cat\/2\/wp-content\/uploads\/2022\/11\/UBR_1junta.jpeg&#8221; text_shadow_style=&#8221;preset1&#8243; global_colors_info=&#8221;{}&#8221; theme_builder_area=&#8221;post_content&#8221;]<\/p>\n<p>La Uni\u00f3 de Botiguers de Reus | Fundada l&#8217;any 1975<\/p>\n<p>[\/et_pb_fullwidth_header][\/et_pb_section][et_pb_section fb_built=&#8221;1&#8243; prev_background_color=&#8221;#ffffff&#8221; next_background_color=&#8221;#ffffff&#8221; _builder_version=&#8221;4.20.4&#8243; _module_preset=&#8221;default&#8221; background_color=&#8221;#333333&#8243; width=&#8221;100%&#8221; max_width=&#8221;100%&#8221; module_alignment=&#8221;center&#8221; custom_padding=&#8221;28px||27px|||&#8221; top_divider_style=&#8221;wave2&#8243; top_divider_height=&#8221;39px&#8221; bottom_divider_style=&#8221;wave2&#8243; bottom_divider_height=&#8221;39px&#8221; locked=&#8221;off&#8221; global_colors_info=&#8221;{}&#8221; collapsed=&#8221;on&#8221; theme_builder_area=&#8221;post_content&#8221;][et_pb_row column_structure=&#8221;1_3,2_3&#8243; _builder_version=&#8221;4.20.4&#8243; _module_preset=&#8221;default&#8221; global_colors_info=&#8221;{}&#8221; theme_builder_area=&#8221;post_content&#8221;][et_pb_column type=&#8221;1_3&#8243; _builder_version=&#8221;4.20.4&#8243; _module_preset=&#8221;default&#8221; global_colors_info=&#8221;{}&#8221; theme_builder_area=&#8221;post_content&#8221;][et_pb_text admin_label=&#8221;head&#8221; _builder_version=&#8221;4.20.4&#8243; _module_preset=&#8221;default&#8221; text_font=&#8221;Roboto||||||||&#8221; text_font_size=&#8221;12px&#8221; header_2_font=&#8221;Roboto|700||on|||||&#8221; header_2_text_color=&#8221;#f2991b&#8221; header_2_font_size=&#8221;29px&#8221; text_orientation=&#8221;center&#8221; width=&#8221;80%&#8221; width_tablet=&#8221;80%&#8221; width_phone=&#8221;100%&#8221; width_last_edited=&#8221;on|desktop&#8221; max_width=&#8221;80%&#8221; max_width_tablet=&#8221;80%&#8221; max_width_phone=&#8221;100%&#8221; max_width_last_edited=&#8221;on|phone&#8221; module_alignment=&#8221;center&#8221; custom_margin=&#8221;0px||-5px||false|false&#8221; global_colors_info=&#8221;{}&#8221; theme_builder_area=&#8221;post_content&#8221;]<\/p>\n<h2>Junta<\/h2>\n<p>[\/et_pb_text][et_pb_text admin_label=&#8221;body&#8221; _builder_version=&#8221;4.23.1&#8243; _module_preset=&#8221;default&#8221; text_font=&#8221;Roboto||||||||&#8221; text_font_size=&#8221;14px&#8221; text_orientation=&#8221;center&#8221; width=&#8221;80%&#8221; width_tablet=&#8221;80%&#8221; width_phone=&#8221;100%&#8221; width_last_edited=&#8221;on|desktop&#8221; max_width=&#8221;80%&#8221; max_width_tablet=&#8221;80%&#8221; max_width_phone=&#8221;100%&#8221; max_width_last_edited=&#8221;on|phone&#8221; module_alignment=&#8221;center&#8221; custom_margin=&#8221;0px||||false|false&#8221; hover_enabled=&#8221;0&#8243; global_colors_info=&#8221;{}&#8221; sticky_enabled=&#8221;0&#8243; theme_builder_area=&#8221;post_content&#8221;]<strong style=\"color: #ffffff;\">2023 &#8211;<\/strong> <strong style=\"color: #f19904;\">2027<\/strong>[\/et_pb_text][dipi_button_grid align_items=&#8221;center&#8221; _builder_version=&#8221;4.23.1&#8243; _module_preset=&#8221;default&#8221; module_alignment=&#8221;center&#8221; custom_margin=&#8221;1%||||false|false&#8221; hover_enabled=&#8221;0&#8243; global_colors_info=&#8221;{}&#8221; sticky_enabled=&#8221;0&#8243; theme_builder_area=&#8221;post_content&#8221;][dipi_button_grid_child button_id=&#8221;Rosa Lucas&#8221; button_text=&#8221;Rosa Lucas&#8221; _builder_version=&#8221;4.20.4&#8243; _module_preset=&#8221;default&#8221; custom_button=&#8221;on&#8221; button_text_size=&#8221;16px&#8221; button_text_color=&#8221;#f2991b&#8221; button_bg_color=&#8221;#fcfcfc&#8221; button_border_width=&#8221;0px&#8221; button_border_radius=&#8221;9px&#8221; button_font=&#8221;|300|||||||&#8221; button_use_icon=&#8221;off&#8221; module_alignment=&#8221;center&#8221; global_colors_info=&#8221;{}&#8221; button_text_size__hover_enabled=&#8221;on|desktop&#8221; button_text_size__hover=&#8221;18px&#8221; button_text_color__hover_enabled=&#8221;on|hover&#8221; button_text_color__hover=&#8221;#FFFFFF&#8221; button_bg_color__hover_enabled=&#8221;on|desktop&#8221; button_bg_color__hover=&#8221;#f2991b&#8221; button_bg_enable_color__hover=&#8221;on&#8221; theme_builder_area=&#8221;post_content&#8221;][\/dipi_button_grid_child][dipi_button_grid_child button_id=&#8221;Meritxell Barber\u00e0&#8221; button_text=&#8221;Meritxell Barber\u00e0&#8221; _builder_version=&#8221;4.20.4&#8243; _module_preset=&#8221;default&#8221; custom_button=&#8221;on&#8221; button_text_size=&#8221;16px&#8221; button_text_color=&#8221;#f2991b&#8221; button_bg_color=&#8221;#fcfcfc&#8221; button_border_width=&#8221;0px&#8221; button_border_radius=&#8221;9px&#8221; button_font=&#8221;|300|||||||&#8221; button_use_icon=&#8221;off&#8221; module_alignment=&#8221;center&#8221; global_colors_info=&#8221;{}&#8221; button_text_size__hover_enabled=&#8221;on|desktop&#8221; button_text_size__hover=&#8221;18px&#8221; button_text_color__hover_enabled=&#8221;on|hover&#8221; button_text_color__hover=&#8221;#FFFFFF&#8221; button_bg_color__hover_enabled=&#8221;on|desktop&#8221; button_bg_color__hover=&#8221;#f2991b&#8221; button_bg_enable_color__hover=&#8221;on&#8221; theme_builder_area=&#8221;post_content&#8221;][\/dipi_button_grid_child][dipi_button_grid_child button_id=&#8221;Laia P\u00e0mies&#8221; button_text=&#8221;Laia P\u00e0mies&#8221; _builder_version=&#8221;4.20.4&#8243; _module_preset=&#8221;default&#8221; custom_button=&#8221;on&#8221; button_text_size=&#8221;16px&#8221; button_text_color=&#8221;#f2991b&#8221; button_bg_color=&#8221;#fcfcfc&#8221; button_border_width=&#8221;0px&#8221; button_border_radius=&#8221;9px&#8221; button_font=&#8221;|300|||||||&#8221; button_use_icon=&#8221;off&#8221; module_alignment=&#8221;center&#8221; global_colors_info=&#8221;{}&#8221; button_text_size__hover_enabled=&#8221;on|desktop&#8221; button_text_size__hover=&#8221;18px&#8221; button_text_color__hover_enabled=&#8221;on|hover&#8221; button_text_color__hover=&#8221;#FFFFFF&#8221; button_bg_color__hover_enabled=&#8221;on|desktop&#8221; button_bg_color__hover=&#8221;#f2991b&#8221; button_bg_enable_color__hover=&#8221;on&#8221; theme_builder_area=&#8221;post_content&#8221;][\/dipi_button_grid_child][dipi_button_grid_child button_id=&#8221;Albert Espasa&#8221; button_text=&#8221;Albert Espasa&#8221; _builder_version=&#8221;4.20.4&#8243; _module_preset=&#8221;default&#8221; custom_button=&#8221;on&#8221; button_text_size=&#8221;16px&#8221; button_text_color=&#8221;#f2991b&#8221; button_bg_color=&#8221;#fcfcfc&#8221; button_border_width=&#8221;0px&#8221; button_border_radius=&#8221;9px&#8221; button_font=&#8221;|300|||||||&#8221; button_use_icon=&#8221;off&#8221; module_alignment=&#8221;center&#8221; global_colors_info=&#8221;{}&#8221; button_text_size__hover_enabled=&#8221;on|desktop&#8221; button_text_size__hover=&#8221;18px&#8221; button_text_color__hover_enabled=&#8221;on|hover&#8221; button_text_color__hover=&#8221;#FFFFFF&#8221; button_bg_color__hover_enabled=&#8221;on|desktop&#8221; button_bg_color__hover=&#8221;#f2991b&#8221; button_bg_enable_color__hover=&#8221;on&#8221; theme_builder_area=&#8221;post_content&#8221;][\/dipi_button_grid_child][dipi_button_grid_child button_id=&#8221;S\u00f2nia Carbonell&#8221; button_text=&#8221;S\u00f2nia Carbonell&#8221; _builder_version=&#8221;4.20.4&#8243; _module_preset=&#8221;default&#8221; custom_button=&#8221;on&#8221; button_text_size=&#8221;16px&#8221; button_text_color=&#8221;#f2991b&#8221; button_bg_color=&#8221;#fcfcfc&#8221; button_border_width=&#8221;0px&#8221; button_border_radius=&#8221;9px&#8221; button_font=&#8221;|300|||||||&#8221; button_use_icon=&#8221;off&#8221; module_alignment=&#8221;center&#8221; global_colors_info=&#8221;{}&#8221; button_text_size__hover_enabled=&#8221;on|desktop&#8221; button_text_size__hover=&#8221;18px&#8221; button_text_color__hover_enabled=&#8221;on|hover&#8221; button_text_color__hover=&#8221;#FFFFFF&#8221; button_bg_color__hover_enabled=&#8221;on|desktop&#8221; button_bg_color__hover=&#8221;#f2991b&#8221; button_bg_enable_color__hover=&#8221;on&#8221; theme_builder_area=&#8221;post_content&#8221;][\/dipi_button_grid_child][dipi_button_grid_child button_id=&#8221;Josep Mestres&#8221; button_text=&#8221;Josep Mestres&#8221; _builder_version=&#8221;4.20.4&#8243; _module_preset=&#8221;default&#8221; custom_button=&#8221;on&#8221; button_text_size=&#8221;16px&#8221; button_text_color=&#8221;#f2991b&#8221; button_bg_color=&#8221;#fcfcfc&#8221; button_border_width=&#8221;0px&#8221; button_border_radius=&#8221;9px&#8221; button_font=&#8221;|300|||||||&#8221; button_use_icon=&#8221;off&#8221; module_alignment=&#8221;center&#8221; global_colors_info=&#8221;{}&#8221; button_text_size__hover_enabled=&#8221;on|desktop&#8221; button_text_size__hover=&#8221;18px&#8221; button_text_color__hover_enabled=&#8221;on|hover&#8221; button_text_color__hover=&#8221;#FFFFFF&#8221; button_bg_color__hover_enabled=&#8221;on|desktop&#8221; button_bg_color__hover=&#8221;#f2991b&#8221; button_bg_enable_color__hover=&#8221;on&#8221; theme_builder_area=&#8221;post_content&#8221;][\/dipi_button_grid_child][dipi_button_grid_child button_id=&#8221;Marta Llus\u00e0&#8221; button_text=&#8221;Marta Llus\u00e0&#8221; _builder_version=&#8221;4.20.4&#8243; _module_preset=&#8221;default&#8221; custom_button=&#8221;on&#8221; button_text_size=&#8221;16px&#8221; button_text_color=&#8221;#f2991b&#8221; button_bg_color=&#8221;#fcfcfc&#8221; button_border_width=&#8221;0px&#8221; button_border_radius=&#8221;9px&#8221; button_font=&#8221;|300|||||||&#8221; button_use_icon=&#8221;off&#8221; module_alignment=&#8221;center&#8221; global_colors_info=&#8221;{}&#8221; button_text_size__hover_enabled=&#8221;on|desktop&#8221; button_text_size__hover=&#8221;18px&#8221; button_text_color__hover_enabled=&#8221;on|hover&#8221; button_text_color__hover=&#8221;#FFFFFF&#8221; button_bg_color__hover_enabled=&#8221;on|desktop&#8221; button_bg_color__hover=&#8221;#f2991b&#8221; button_bg_enable_color__hover=&#8221;on&#8221; theme_builder_area=&#8221;post_content&#8221;][\/dipi_button_grid_child][dipi_button_grid_child button_id=&#8221;Anna Mart\u00ed&#8221; button_text=&#8221;Anna Mart\u00ed&#8221; _builder_version=&#8221;4.20.4&#8243; _module_preset=&#8221;default&#8221; custom_button=&#8221;on&#8221; button_text_size=&#8221;16px&#8221; button_text_color=&#8221;#f2991b&#8221; button_bg_color=&#8221;#fcfcfc&#8221; button_border_width=&#8221;0px&#8221; button_border_radius=&#8221;9px&#8221; button_font=&#8221;|300|||||||&#8221; button_use_icon=&#8221;off&#8221; module_alignment=&#8221;center&#8221; global_colors_info=&#8221;{}&#8221; button_text_size__hover_enabled=&#8221;on|desktop&#8221; button_text_size__hover=&#8221;18px&#8221; button_text_color__hover_enabled=&#8221;on|hover&#8221; button_text_color__hover=&#8221;#FFFFFF&#8221; button_bg_color__hover_enabled=&#8221;on|desktop&#8221; button_bg_color__hover=&#8221;#f2991b&#8221; button_bg_enable_color__hover=&#8221;on&#8221; theme_builder_area=&#8221;post_content&#8221;][\/dipi_button_grid_child][dipi_button_grid_child button_id=&#8221;Edgard Calabug&#8221; button_text=&#8221;Edgard Calabug&#8221; _builder_version=&#8221;4.23.1&#8243; _module_preset=&#8221;default&#8221; custom_button=&#8221;on&#8221; button_text_size=&#8221;16px&#8221; button_text_color=&#8221;#f2991b&#8221; button_bg_color=&#8221;#fcfcfc&#8221; button_border_width=&#8221;0px&#8221; button_border_radius=&#8221;9px&#8221; button_font=&#8221;|300|||||||&#8221; button_use_icon=&#8221;off&#8221; module_alignment=&#8221;center&#8221; hover_enabled=&#8221;0&#8243; global_colors_info=&#8221;{}&#8221; button_text_size__hover_enabled=&#8221;on|desktop&#8221; button_text_size__hover=&#8221;18px&#8221; button_text_color__hover_enabled=&#8221;on|hover&#8221; button_text_color__hover=&#8221;#FFFFFF&#8221; button_bg_color__hover_enabled=&#8221;on|desktop&#8221; button_bg_color__hover=&#8221;#f2991b&#8221; button_bg_enable_color__hover=&#8221;on&#8221; sticky_enabled=&#8221;0&#8243; theme_builder_area=&#8221;post_content&#8221;][\/dipi_button_grid_child][dipi_button_grid_child button_id=&#8221;M\u00edriam Sanchez&#8221; button_text=&#8221;M\u00edriam Sanchez&#8221; _builder_version=&#8221;4.23.1&#8243; _module_preset=&#8221;default&#8221; custom_button=&#8221;on&#8221; button_text_size=&#8221;16px&#8221; button_text_color=&#8221;#f2991b&#8221; button_bg_color=&#8221;#fcfcfc&#8221; button_border_width=&#8221;0px&#8221; button_border_radius=&#8221;9px&#8221; button_font=&#8221;|300|||||||&#8221; button_use_icon=&#8221;off&#8221; module_alignment=&#8221;center&#8221; hover_enabled=&#8221;0&#8243; global_colors_info=&#8221;{}&#8221; button_text_size__hover_enabled=&#8221;on|desktop&#8221; button_text_size__hover=&#8221;18px&#8221; button_text_color__hover_enabled=&#8221;on|hover&#8221; button_text_color__hover=&#8221;#FFFFFF&#8221; button_bg_color__hover_enabled=&#8221;on|desktop&#8221; button_bg_color__hover=&#8221;#f2991b&#8221; button_bg_enable_color__hover=&#8221;on&#8221; sticky_enabled=&#8221;0&#8243; theme_builder_area=&#8221;post_content&#8221;][\/dipi_button_grid_child][dipi_button_grid_child button_id=&#8221;Jorge Jim\u00e9nez&#8221; button_text=&#8221;Jorge Jim\u00e9nez&#8221; _builder_version=&#8221;4.20.4&#8243; _module_preset=&#8221;default&#8221; custom_button=&#8221;on&#8221; button_text_size=&#8221;16px&#8221; button_text_color=&#8221;#f2991b&#8221; button_bg_color=&#8221;#fcfcfc&#8221; button_border_width=&#8221;0px&#8221; button_border_radius=&#8221;9px&#8221; button_font=&#8221;|300|||||||&#8221; button_use_icon=&#8221;off&#8221; module_alignment=&#8221;center&#8221; global_colors_info=&#8221;{}&#8221; button_text_size__hover_enabled=&#8221;on|desktop&#8221; button_text_size__hover=&#8221;18px&#8221; button_text_color__hover_enabled=&#8221;on|hover&#8221; button_text_color__hover=&#8221;#FFFFFF&#8221; button_bg_color__hover_enabled=&#8221;on|desktop&#8221; button_bg_color__hover=&#8221;#f2991b&#8221; button_bg_enable_color__hover=&#8221;on&#8221; theme_builder_area=&#8221;post_content&#8221;][\/dipi_button_grid_child][\/dipi_button_grid][\/et_pb_column][et_pb_column type=&#8221;2_3&#8243; _builder_version=&#8221;4.20.4&#8243; _module_preset=&#8221;default&#8221; global_colors_info=&#8221;{}&#8221; theme_builder_area=&#8221;post_content&#8221;][dipi_parallax_images _builder_version=&#8221;4.23.1&#8243; _module_preset=&#8221;default&#8221; custom_margin=&#8221;13%||||false|false&#8221; hover_enabled=&#8221;0&#8243; global_colors_info=&#8221;{}&#8221; sticky_enabled=&#8221;0&#8243; theme_builder_area=&#8221;post_content&#8221;][dipi_parallax_images_item admin_label=&#8221;junta&#8221; image=&#8221;https:\/\/ubr.cat\/2\/wp-content\/uploads\/2023\/11\/UBR_junta_2_2022.jpg&#8221; alt=&#8221;junta UBR 2022&#8243; _builder_version=&#8221;4.23.1&#8243; _module_preset=&#8221;default&#8221; hover_enabled=&#8221;0&#8243; border_radii=&#8221;on|10px|10px|10px|10px&#8221; global_colors_info=&#8221;{}&#8221; title_text=&#8221;UBR_junta_2_2022&#8243; sticky_enabled=&#8221;0&#8243; theme_builder_area=&#8221;post_content&#8221;][\/dipi_parallax_images_item][\/dipi_parallax_images][\/et_pb_column][\/et_pb_row][\/et_pb_section][et_pb_section fb_built=&#8221;1&#8243; _builder_version=&#8221;4.19.1&#8243; _module_preset=&#8221;default&#8221; width=&#8221;100%&#8221; max_width=&#8221;100%&#8221; module_alignment=&#8221;center&#8221; custom_padding=&#8221;32px||8px|||&#8221; locked=&#8221;off&#8221; global_colors_info=&#8221;{}&#8221; collapsed=&#8221;on&#8221; theme_builder_area=&#8221;post_content&#8221;][et_pb_row column_structure=&#8221;2_5,3_5&#8243; use_custom_gutter=&#8221;on&#8221; gutter_width=&#8221;1&#8243; _builder_version=&#8221;4.19.1&#8243; _module_preset=&#8221;default&#8221; width=&#8221;100%&#8221; max_width=&#8221;90%&#8221; module_alignment=&#8221;center&#8221; custom_padding=&#8221;8px|||||&#8221; global_colors_info=&#8221;{}&#8221; theme_builder_area=&#8221;post_content&#8221;][et_pb_column type=&#8221;2_5&#8243; _builder_version=&#8221;4.19.1&#8243; _module_preset=&#8221;default&#8221; global_colors_info=&#8221;{}&#8221; theme_builder_area=&#8221;post_content&#8221;][dipi_timeline admin_label=&#8221;History&#8221; _builder_version=&#8221;4.19.1&#8243; _module_preset=&#8221;default&#8221; global_colors_info=&#8221;{}&#8221; theme_builder_area=&#8221;post_content&#8221;][dipi_timeline_item admin_label=&#8221;Start&#8221; ribbon=&#8221;Creaci\u00f3 Uni\u00f3 de Botiguers de Reus&#8221; title=&#8221;1975&#8243; ribbon_text_bgcolor=&#8221;rgba(241,153,4,0.56)&#8221; image_max_width=&#8221;60%&#8221; card_width=&#8221;85%&#8221; ribbon_text_padding=&#8221;5%|5%|5%|5%|false|false&#8221; _builder_version=&#8221;4.19.1&#8243; _module_preset=&#8221;default&#8221; header_font=&#8221;Roboto|500|||||||&#8221; header_text_align=&#8221;center&#8221; body_font=&#8221;Roboto|300|||||||&#8221; body_text_align=&#8221;center&#8221; ribbon_text_font=&#8221;Roboto||||||||&#8221; ribbon_text_text_align=&#8221;center&#8221; ribbon_text_text_color=&#8221;#FFFFFF&#8221; width=&#8221;100%&#8221; custom_margin=&#8221;||5%||false|false&#8221; ribbon_text_text_shadow_style=&#8221;preset1&#8243; ribbon_text_text_shadow_blur_strength=&#8221;0.38em&#8221; ribbon_text_text_shadow_color=&#8221;rgba(0,0,0,0.39)&#8221; border_radii=&#8221;on|10px|10px|10px|10px&#8221; border_radii_ribbon_text=&#8221;on|10px|10px|10px|10px&#8221; border_color_all_ribbon_text=&#8221;rgba(241,153,4,0.56)&#8221; box_shadow_style=&#8221;preset1&#8243; box_shadow_blur=&#8221;9px&#8221; box_shadow_color=&#8221;rgba(241,153,4,0.36)&#8221; box_shadow_style_ribbon_text=&#8221;preset1&#8243; box_shadow_blur_ribbon_text=&#8221;9px&#8221; global_colors_info=&#8221;{}&#8221; theme_builder_area=&#8221;post_content&#8221;]<div id=\"attachment_66\" style=\"width: 210px\" class=\"wp-caption alignnone\"><img loading=\"lazy\" decoding=\"async\" aria-describedby=\"caption-attachment-66\" src=\"https:\/\/ubr.cat\/2\/wp-content\/uploads\/2022\/11\/UBR_1junta-300x158.jpeg\" width=\"200\" height=\"158\" alt=\"\" class=\"wp-image-66 size-medium\" \/><p id=\"caption-attachment-66\" class=\"wp-caption-text\">elpunt.cat<\/p><\/div>[\/dipi_timeline_item][dipi_timeline_item admin_label=&#8221;Creaci\u00f3&#8221; ribbon=&#8221;Uni\u00f3 de Botiguers de Catalunya&#8221; title=&#8221;1978&#8243; ribbon_text_bgcolor=&#8221;rgba(241,153,4,0.56)&#8221; image_max_width=&#8221;60%&#8221; card_padding=&#8221;5%|5%|5%|5%|false|false&#8221; ribbon_text_padding=&#8221;3%|3%|3%|3%|false|false&#8221; _builder_version=&#8221;4.19.1&#8243; _module_preset=&#8221;default&#8221; header_font=&#8221;Roboto|500|||||||&#8221; header_text_align=&#8221;center&#8221; body_font=&#8221;Roboto|300|||||||&#8221; body_text_align=&#8221;center&#8221; ribbon_text_font=&#8221;Roboto||||||||&#8221; ribbon_text_text_align=&#8221;center&#8221; ribbon_text_text_color=&#8221;#FFFFFF&#8221; width=&#8221;100%&#8221; custom_margin=&#8221;||5%||false|false&#8221; ribbon_text_text_shadow_style=&#8221;preset1&#8243; ribbon_text_text_shadow_blur_strength=&#8221;0.38em&#8221; ribbon_text_text_shadow_color=&#8221;rgba(0,0,0,0.39)&#8221; border_radii=&#8221;on|10px|10px|10px|10px&#8221; border_radii_ribbon_text=&#8221;on|10px|10px|10px|10px&#8221; border_color_all_ribbon_text=&#8221;rgba(241,153,4,0.56)&#8221; box_shadow_style=&#8221;preset1&#8243; box_shadow_blur=&#8221;9px&#8221; box_shadow_color=&#8221;rgba(241,153,4,0.36)&#8221; box_shadow_style_ribbon_text=&#8221;preset1&#8243; box_shadow_blur_ribbon_text=&#8221;9px&#8221; global_colors_info=&#8221;{}&#8221; theme_builder_area=&#8221;post_content&#8221;]<\/p>\n<p style=\"text-align: center; font-size:80%;\">Gr\u00e0cies a la UBR els comerciants de tota Catalunya va a crear models similars, fundant aix\u00ed la UBC, que m\u00e9s endavant es convertiria en la Confederaci\u00f3 de Comer\u00e7 de Catalunya.<\/p>\n<p>[\/dipi_timeline_item][\/dipi_timeline][\/et_pb_column][et_pb_column type=&#8221;3_5&#8243; _builder_version=&#8221;4.19.1&#8243; _module_preset=&#8221;default&#8221; global_colors_info=&#8221;{}&#8221; theme_builder_area=&#8221;post_content&#8221;][et_pb_text _builder_version=&#8221;4.19.1&#8243; _module_preset=&#8221;default&#8221; text_font=&#8221;Roboto||||||||&#8221; text_font_size=&#8221;12px&#8221; text_orientation=&#8221;center&#8221; width=&#8221;90%&#8221; max_width=&#8221;100%&#8221; module_alignment=&#8221;right&#8221; custom_margin=&#8221;4%||||false|false&#8221; global_colors_info=&#8221;{}&#8221; theme_builder_area=&#8221;post_content&#8221;]<\/p>\n<p>La <strong style=\"color: #f19904;\">Uni\u00f3 de Botiguers de Reus<\/strong> \u00e9s una <strong>associaci\u00f3 local de comerciants<\/strong>.<\/p>\n<p>Es va iniciar l&#8217;any <strong>1975<\/strong>. El 1976 es van fer unes confer\u00e8ncies al Centre de Lectura dedicades al comer local en una de les quals els ponents van ser <strong>Xavier Amor\u00f3s, Antoni Baiges, Josep Pujol i Tom\u00e0s Barber\u00e0<\/strong>. D&#8217;aquestes confer\u00eancies en va sortir una junta gestora de trenta persones, que va marcar les pates del que havia de ser la Uni\u00f3 de Botiguers de Reus:<\/p>\n<p style=\"text-align: center;\">Per una banda <strong>defensar<\/strong> els interessos professionals dels comerciants<br \/>Intervenir tamb\u00e9 en tot el que feia refer\u00e8ncia al <strong>creixement i al moviment de ciutat<\/strong>.<br \/>Les unions de botiguers existents en aquell moment eren simplement comercials, s&#8217;associaven per <strong>comprar o per obtenir uns preus m\u00e9s avantatjosos<\/strong>.<\/p>\n<p>M\u00e9s de 200 botiguers de la ciutat van donar suport a la creaci\u00f3 de la Uni\u00f3 i la junta general fundacional es va fer el 14 de juliol de 1976, a la casa sindical de Reus (antic edifici del sindicat vertical). El seu nom fou llavors <strong>Associaci\u00f3 sindical de comerciants detallistes de Reus<\/strong>. El 18 de mar de 1977 es va elegir Josep Abell\u00f3 com a president.<\/p>\n<p>L&#8217;associaci\u00f3 reusenca va impulsar la creaci\u00f3 d&#8217;entitats del mateix estil en altres municipis fins a aconseguir la fundaci\u00f3 d&#8217;una <strong>Uni\u00f3 de Botiguers de Cataluna el 1978<\/strong>, que m\u00e9s endavant va desapar\u00e8ixer. D&#8217;all\u00e0 en sort\u00ed la Confederaci\u00f3 de Comer de Catalunya.<\/p>\n<p>[\/et_pb_text][dipi_typing_text typing_text=&#8221;Actualment, la Uni\u00f3 de Botiguers de Reus t\u00e9 m\u00e9s de 260 comer\u00e7os associats.&#8221; typing_loop=&#8221;off&#8221; typing_speed=&#8221;30ms&#8221; typing_backspeed=&#8221;700ms&#8221; typing_backdelay=&#8221;3000ms&#8221; anim_start=&#8221;inViewport&#8221; _builder_version=&#8221;4.20.4&#8243; _module_preset=&#8221;default&#8221; text_font=&#8221;Roboto|500|||||||&#8221; text_text_align=&#8221;center&#8221; text_text_color=&#8221;#f19904&#8243; prefix_font=&#8221;Roboto||||||||&#8221; prefix_font_size=&#8221;77px&#8221; width=&#8221;90%&#8221; max_width=&#8221;90%&#8221; module_alignment=&#8221;right&#8221; custom_margin=&#8221;3%||||false|false&#8221; global_colors_info=&#8221;{}&#8221; theme_builder_area=&#8221;post_content&#8221;][\/dipi_typing_text][\/et_pb_column][\/et_pb_row][\/et_pb_section]<\/p>\n","protected":false},"excerpt":{"rendered":"<p>La Uni\u00f3 de Botiguers de Reus | Fundada l&#8217;any 1975Junta2023 &#8211; 2027<div class=\"et_pb_module dipi_button_grid dipi_button_grid_0\">\n\t\t\t\t\n\t\t\t\t\n\t\t\t\t\n\t\t\t\t\n\t\t\t\t\n\t\t\t\t\n\t\t\t\t<div class=\"et_pb_module_inner\">\n\t\t\t\t\t<div class=\"dipi-button-grid-container\">\n                \n            <\/div>\n\t\t\t\t<\/div>\n\t\t\t<\/div><div class=\"et_pb_module dipi_button_grid_child dipi_button_grid_child_0\">\n\t\t\t\t\n\t\t\t\t\n\t\t\t\t\n\t\t\t\t\n\t\t\t\t\n\t\t\t\t\n\t\t\t\t<div class=\"et_pb_module_inner\">\n\t\t\t\t\t<a class=\"et_pb_button dipi-button-grid dipi-button-wrap\" href=\"#\">Rosa Lucas<\/a>\n\t\t\t\t<\/div>\n\t\t\t<\/div><div class=\"et_pb_module dipi_button_grid_child dipi_button_grid_child_1\">\n\t\t\t\t\n\t\t\t\t\n\t\t\t\t\n\t\t\t\t\n\t\t\t\t\n\t\t\t\t\n\t\t\t\t<div class=\"et_pb_module_inner\">\n\t\t\t\t\t<a class=\"et_pb_button dipi-button-grid dipi-button-wrap\" href=\"#\">&#8221;Meritxell<\/a>\n\t\t\t\t<\/div>\n\t\t\t<\/div><\/p>\n","protected":false},"author":1,"featured_media":0,"parent":0,"menu_order":0,"comment_status":"closed","ping_status":"closed","template":"","meta":{"_et_pb_use_builder":"on","_et_pb_old_content":"","_et_gb_content_width":"","footnotes":""},"dipi_cpt_category":[],"class_list":["post-1030","page","type-page","status-publish","hentry"],"_links":{"self":[{"href":"https:\/\/ubr.cat\/2\/wp-json\/wp\/v2\/pages\/1030","targetHints":{"allow":["GET"]}}],"collection":[{"href":"https:\/\/ubr.cat\/2\/wp-json\/wp\/v2\/pages"}],"about":[{"href":"https:\/\/ubr.cat\/2\/wp-json\/wp\/v2\/types\/page"}],"author":[{"embeddable":true,"href":"https:\/\/ubr.cat\/2\/wp-json\/wp\/v2\/users\/1"}],"replies":[{"embeddable":true,"href":"https:\/\/ubr.cat\/2\/wp-json\/wp\/v2\/comments?post=1030"}],"version-history":[{"count":2,"href":"https:\/\/ubr.cat\/2\/wp-json\/wp\/v2\/pages\/1030\/revisions"}],"predecessor-version":[{"id":1033,"href":"https:\/\/ubr.cat\/2\/wp-json\/wp\/v2\/pages\/1030\/revisions\/1033"}],"wp:attachment":[{"href":"https:\/\/ubr.cat\/2\/wp-json\/wp\/v2\/media?parent=1030"}],"wp:term":[{"taxonomy":"dipi_cpt_category","embeddable":true,"href":"https:\/\/ubr.cat\/2\/wp-json\/wp\/v2\/dipi_cpt_category?post=1030"}],"curies":[{"name":"wp","href":"https:\/\/api.w.org\/{rel}","templated":true}]}}